e -i + 22 - 670 = -d, -3*d + 1920 = 5*i. Suppose 12*f - 1167 = d. What is the hundreds digit of f?
1
Suppose -2*c - 4*z + 980 = 0, 2*z + 6 = c - 464. What is the hundreds digit of c?
4
Suppose 0 = -b + 2*b + 10. Suppose -3*h = -4*l, 2*l + 0*l = -h - 10. Let k = h - b. What is the units digit of k?
6
Let c(q) = -2*q + q**2 + q + 1 - q + q**3 + 3*q. What is the units digit of c(0)?
1
Let l = -49 - -346. What is the hundreds digit of l?
2
Suppose -6*f = -2*f - 76. Suppose -18*c + f*c = 144. What is the units digit of c?
4
Let d = -72 + 76. Suppose 7*q = d*q + 327. What is the units digit of q?
9
Let t be ((1 - 7)*-3)/(82/41). Let s(b) = 4*b + 15. What is the tens digit of s(t)?
5
Suppose -3*u - 109 = 2*h - 4*u, 3*u = -5*h - 245. Let w be ((-4)/((-8)/5))/(1/(-14)). Let p = w - h. What is the tens digit of p?
1
Let s(q) = q**3 - 8*q**2 + 6*q - 4. Let x be s(7). Let t be (7 - 1)*(-33)/x. Let m = t - -4. What is the units digit of m?
2
Let s(w) = 4*w + 11. Let v(n) = 5*n + 12. Let a(i) = 4*s(i) - 3*v(i). Let z be a(-7). Suppose 33 - z = 2*y. What is the tens digit of y?
1
Let r(g) be the third derivative of g**5/60 + 21*g**3/2 + 2*g**2. Let p be r(0). Suppose 3*h - p = -3*f, 5*f = -3*h - 64 + 165. What is the tens digit of f?
1
Suppose 2*a - 8 = 2*b + 2*b, 4*a - 3*b - 11 = 0. Suppose a = 5*j - 18. Suppose 3*q + j = 7. What is the units digit of q?
1
Let h = -1 + 22. Suppose -4*u + u + h = 2*c, c + 22 = 5*u. Suppose 4*s + 6 = -u*k, -5*k + 5*s - s + 26 = 0. What is the units digit of k?
2
Suppose -y + 202 = 2*n, 5*y = n + 4*y - 104. Let s = n - 69. What is the tens digit of s?
3
Suppose 2*m - m = -5. Let z(s) = -s**3 - 6*s**2 - 7*s - 4. Let i be z(m). Suppose -5*f + 9 = d, -3*f - 2*d - 13 = -i*d. What is the units digit of f?
1
Let h = -187 + 469. Let x = -53 + h. What is the hundreds digit of x?
2
Suppose 23*r - 100725 = -27286. What is the thousands digit of r?
3
Let c(w) = -3*w**2 - 76*w + 20. What is the units digit of c(-25)?
5
Suppose 12*c - 4604 = -488. What is the hundreds digit of c?
3
Suppose 7*a + 5*g + 738 = 9*a, -4*a - 2*g = -1452. What is the tens digit of a?
6
Suppose 3*q = 3*m - 755 + 233, 5*q = -m + 204. What is the hundreds digit of m?
1
Let q(d) = 20*d - 17. Let j be q(8). Suppose 81*t + j = 82*t. What is the tens digit of t?
4
What is the units digit of 224/(-392) - (-8828)/14?
0
Suppose 1 = -5*o - 2*g, -o = 5*g - 6 + 20. Let w be ((-3)/6 - o)*2. What is the units digit of w/((-3)/8) + -4?
4
Let w(s) = s**2 + 17*s + 7. Let a be w(-17). What is the tens digit of 14/8*(a - -21)?
4
Suppose 6 = q - 2*q. Let t = -258 - -265. Let p = q + t. What is the units digit of p?
1
Let i(j) = -2686*j**2 + 2686*j**2 + 13*j**3 + 1. What is the tens digit of i(1)?
1
Let d = 850 - 274. What is the tens digit of d?
7
Suppose m + 4 = 3. What is the tens digit of 3 + 57*2 + m?
1
Suppose -5*j + 9*o - 8*o = -2953, 3*j - 1767 = -o. What is the tens digit of j?
9
Let b = 90 - 86. What is the hundreds digit of ((-375)/10)/(b/(-24))?
2
Suppose -4*d = -2*k + 344, 338 = -3*d - 3*k + 98. Let g = 118 + d. What is the units digit of g?
4
Suppose -60 = -9*b + 4*b. Let t be (-2)/b*-2*6. Suppose -3*w - 9 = -n + 2, 2*n - 46 = -t*w. What is the tens digit of n?
2
Let l = -62 - -106. Let o be (-26)/(-1) - 1*-3. Let g = l - o. What is the tens digit of g?
1
Let d(q) be the third derivative of q**4/6 + q**3 - 7*q**2. Suppose -11 + 23 = 2*i. What is the tens digit of d(i)?
3
What is the hundreds digit of (-4307)/(-3) - ((-16)/(-3))/(-4)?
4
Suppose -5*u + 3*u = -6, -a + 5*u - 11 = 0. Suppose -6*f - 60 = -a*f. What is the tens digit of (0 - -3)/3 - f?
3
Suppose -5*f + 2980 = -2*p, p + 2*p = -f + 596. Let h = f + -357. What is the units digit of h?
9
Let f(v) = -6*v - 4. Let q be f(-3). Suppose 9*d + 25 = q*d. Suppose d*h = -0*s + 2*s - 22, 3*h = -2*s + 22. What is the units digit of s?
1
Let o(m) = 3*m**3 - m - 3. What is the units digit of o(5)?
7
What is the thousands digit of 1743 + 6 - 36/4?
1
Let r(u) = 44*u**2 + 11*u - 19. Let v be r(7). Suppose -v = 2*b - 11*b. What is the tens digit of b?
4
Let b = -23 + 28. Suppose -a - b*y = -0*a - 76, -4*a + 346 = -y. What is the units digit of a?
6
Suppose -3*r = -3*n + 4497, -2*n + 68*r - 70*r = -2978. What is the hundreds digit of n?
4
What is the hundreds digit of 74608/14 - 54/(-63)?
3
Suppose 4*r - 114 = 174. Suppose -4*v + 3*o + r = -99, 0 = 2*o - 6. What is the units digit of v?
5
Let b = 36 + -41. What is the units digit of (-4)/b*5 - -5?
9
Let j be (-4)/(-10) + 39/15. Suppose -60 = -4*p - 7*u + j*u, 0 = 3*u. Let d = p + 26. What is the units digit of d?
1
Let a(t) = 15*t + 7. Let s be a(-2). Let j = s - -73. What is the units digit of j?
0
Suppose -f + 3*f + 5 = r, -f - 13 = -4*r. Suppose 3*o = r*w + 684, -2*w = -3*o + 2*w + 687. What is the units digit of o?
5
Let m(n) = n**3 + 6*n**2 + 6*n + 5. Let b be m(-5). Suppose b = -2*l + 72 - 10. What is the units digit of (-1 + l)*(-2)/(-6)?
0
Let j = -171 + 417. What is the units digit of j?
6
Suppose -36*a - 69471 = -63*a. What is the units digit of a?
3
Let f = -33 + 35. Suppose -u = f*u - 57. Suppose -9 = -i + u. What is the units digit of i?
8
Let q(d) = d**3 - d**2 - 3*d + 22. Let b be q(6). Suppose 3*k - b = 581. What is the units digit of k?
5
Suppose 10*q - 6*q - 432 = -3*j, 4*j - 576 = -5*q. What is the units digit of j?
4
Let t(v) = 14*v + 6. Suppose x = 7*x + 12. Let f = x - -5. What is the units digit of t(f)?
8
Let m(n) = 2*n - 10. Let r be m(6). Suppose -r*h + 7 = u, 3*h - 15 + 5 = -u. What is the units digit of u?
1
Let r be (-66)/(-4) - 6/12. Suppose 0 = 3*c + c - r. Suppose 0 = -c*j + j + 42. What is the units digit of j?
4
What is the thousands digit of (-6)/10 - (-688224)/240?
2
Suppose 49*l - 3*o - 4125 = 46*l, 2*o + 6 = 0. What is the units digit of l?
2
Let s(x) = x**3 + 5*x**2 - 3*x + 1. Let f be s(3). Suppose -2*g - 35 = -y, 3*g + f = 2*y - 5. Let o = y + -18. What is the units digit of o?
5
What is the tens digit of 1/((-3)/2) - 4992/(-9)?
5
Suppose 195270 = 87*i - 90699. What is the thousands digit of i?
3
Suppose 0*g - 4*g = 0. Suppose -k + 12 = 4*x, -3*k + 5*k = 5*x - 15. Suppose g = -4*m - x*u + 26, -m - 3*u = m - 10. What is the units digit of m?
8
What is the hundreds digit of (8 - (-2230)/(-30))*3*-24?
7
Let j be -2*((-45)/(-6))/(-5). Suppose 5*g + 0*g = y + 3, 4*g + 6 = -2*y. Suppose -z - 3*p + 8 + j = g, 0 = 2*z - 3*p - 31. What is the tens digit of z?
1
Let q(n) = -3 + 5*n**2 + 13*n**2 + 4 - 7*n**2. Let i be q(-2). Let t = i - 20. What is the tens digit of t?
2
Suppose -29*w = -14026 - 31649. What is the hundreds digit of w?
5
Let a be 0 - (1 - (2 - -1)). Let c(i) = a*i + 7*i - 14*i**2 + 15*i**2 + 13. What is the tens digit of c(-10)?
2
Suppose 508 = 17*t - 1413. What is the hundreds digit of t?
1
Let u(p) = -p**3 + 6*p**2 + 5*p + 1. Let m be u(7). Let j(g) = 3*g + 58. What is the tens digit of j(m)?
1
Let t(j) be the third derivative of -j**5/60 - j**4/8 - 5*j**3/6 - 2*j**2. Let h be t(-4). Let l(d) = d**2 + 8*d + 9. What is the tens digit of l(h)?
1
Let b(h) = -2*h**2. Suppose 0 = 2*f + 2. Let t be b(f). What is the tens digit of ((-1)/t)/((-3)/(-78))?
1
Let j(h) = h**3 - 8*h**2 - 30*h + 2. Let n be j(12). What is the units digit of 8/((-8)/(-4)) + n?
2
Suppose 57*q - 16600 = -26*q. What is the units digit of q?
0
Suppose 186*t - 194*t = -13952. What is the hundreds digit of t?
7
Let q(m) = m - 1. Let n be q(-8). Let z(x) = -x**2 - 8*x + 9. Let l be z(n). Let f(a) = -a + 48. What is the units digit of f(l)?
8
Suppose 405 = 5*p + 135. Let h be (-720)/p*(-3)/2. What is the tens digit of (4*1)/(h/230)?
4
Let b(t) be the third derivative of -t**6/120 - t**5/12 + 5*t**4/24 - t**3/3 + 19*t**2. Let k = 11 - 17. What is the units digit of b(k)?
4
Suppose 4*z + 5*q - 35 = 0, 5*z - 2*q = -6*q + 46. Let y = 39 - z. What is the tens digit of y?
2
Let p(k) = -k**3 + 7*k**2 - 3*k + 2. Let f be p(6). Suppose -q - 3*q = -f. Suppose q*w = -z - 19 + 111, 4*w - 82 = 2*z. What is the units digit of w?
9
Suppose -31*y - 8*y = -33033. What is the units digit of y?
7
Let p = 442 - 274. Let x = p - 115. What is the tens digit of x?
5
Let y(q) be the first derivative of -q**4/4 + 8*q**3/3 + q**2 - 3*q + 2. What is the tens digit of y(7)?
6
Let d(c) = 221*c + 22